 are the prime factors of -24*-2*(-25)/u?
2, 5
Let b(a) = -7 + 10*a + 21 + 3 - 13 - 11. Suppose 0 = 2*p - 5*p + 27. What are the prime factors of b(p)?
83
Let j(u) = -950*u + 3379. What are the prime factors of j(-4)?
3, 2393
Let f be (-1)/(-2) + 2/(-8)*2. Suppose f = 5*z - 4*h - 1590, -2*z + 89 + 547 = 5*h. Let i = z + -217. List the prime factors of i.
101
Let v be (-1 + -5)*(-11254)/102. Let u = v + -76. List the prime factors of u.
2, 293
Let w(s) = 26*s**2 + 11 + 70*s + 8*s**2 - 74*s + 4*s**2. List the prime factors of w(3).
11, 31
What are the prime factors of (14/4)/((98/490)/(1018/5))?
7, 509
Suppose 9*j = 24*j - 77445. List the prime factors of j.
3, 1721
Let w(s) = 3*s**2 - 71*s + 22. Let i be w(15). Let h = 50 - i. What are the prime factors of h?
2, 11, 19
Let y = 98919 + -68279. List the prime factors of y.
2, 5, 383
Let z = -556 + 4715. Suppose z = 4*f - 5*a, -4*f - 4164 = -8*f + 4*a. List the prime factors of f.
2, 523
Suppose 0*q - w - 312 = -2*q, 4*w + 324 = 2*q. Suppose -q = -3*m - 49. Suppose l + 6*g - 2*g = m, 5*l - 271 = 4*g. List the prime factors of l.
3, 17
Let u be (4/(-12))/((-2)/(-114)). Suppose z + 3*t - 137 = 0, -z + 5*t = 4*z - 685. Let l = z + u. What are the prime factors of l?
2, 59
Suppose 2*s = -3*y + 6438, -5*s - 4966 = -2*y - 693. What are the prime factors of y?
2, 67
Let u(w) = -4*w**3 + 13*w - 8. Let s(j) = j**3 - j**2 - j + 1. Let d be (-162)/(-30) - 6/15. Let t(g) = d*s(g) + u(g). What are the prime factors of t(4)?
13
Let t be (-1)/(36/8) + 6/27. Suppose t*f = -c + 4*f + 27, 3*c - 2*f = 31. Suppose -251 = c*y - 8*y. List the prime factors of y.
251
Let u(l) = -59*l - 2. Let m(p) = -58*p - 3. Let i(d) = 4*m(d) - 3*u(d). Let x be (-42)/28*8*(-3)/(-18). List the prime factors of i(x).
2, 13
Let f(i) = 2*i**2 + 11*i - 20. Let a(r) = r**2 + 5*r - 10. Let z(t) = 5*a(t) - 2*f(t). Let h be z(-7). Suppose j - h = 6. List the prime factors of j.
2, 3
Let i be (-8)/(-20) + 0 - 16/(-10). List the prime factors of (-3 + -750)/(-3) - i.
3, 83
Let j = 10191 + 9726. List the prime factors of j.
3, 2213
Suppose 3*k - 40279 = -4*z, 3*k - 5*z = 44063 - 3793. What are the prime factors of k?
3, 5, 179
Let c = 418 + -413. Suppose 13*k - 8*k + 3*n = 7480, -7480 = -c*k - 4*n. List the prime factors of k.
2, 11, 17
Let r(i) = -10*i**3 - 13*i**2 + 50*i - 2. What are the prime factors of r(-10)?
2, 4099
Let n(z) = -z**2 - 11*z - 11. Let a be n(-9). Let i(w) = w**3 + w + 108 + 6*w**2 - 132 - a*w**2. List the prime factors of i(6).
2, 3
Let q = 57584 - 32551. List the prime factors of q.
25033
Let d = 233 + 10. Suppose 0 = j + d - 639. What are the prime factors of j?
2, 3, 11
Suppose k + 9633 = 4*k. Let w = -2081 + k. List the prime factors of w.
2, 5, 113
Suppose 0 = 2*o + 5*a - 9033 - 7955, 0 = 5*o + 5*a - 42515. List the prime factors of o.
67, 127
Suppose 381785 = 138*v - 289171. List the prime factors of v.
2, 11, 13, 17
Let o be (33/(-44))/(3/(-8)). Suppose -184 = o*v - v. List the prime factors of (v/20)/2*-5.
23
Suppose 0 = -19*h + 25*h - 30. Suppose 4501 = h*w + 2*t, 0*w = 3*w - 5*t - 2682. List the prime factors of w.
29, 31
Let i(o) = -3*o - 4. Let q be i(-1). List the prime factors of ((-303)/q)/(14 + -11).
101
Let v = 90 - 88. Suppose 0 = g + 4*g + v*l - 10, -2*g - 12 = 4*l. Suppose -g*o + 151 = -69. List the prime factors of o.
5, 11
Let u(z) = -11 + 0*z + 81 + 16*z + 34 + 6*z**2. List the prime factors of u(-9).
2, 223
What are the prime factors of (-41)/(-123) + (-1)/30 + (-1288374)/(-20)?
3, 109, 197
List the prime factors of (7 + 749776/(-32))*-2.
79, 593
List the prime factors of (1028/(-3))/((-54)/324).
2, 257
Let z(d) = -12*d + 10. Let s be z(5). List the prime factors of (-1626)/(-10) - s/125.
163
Suppose 0 = -5*g + 14*g + 81. Let b be (g/3 - (1 + 8))*-9. Suppose 0 = -3*m - m - 2*c + b, -5*c = -5*m + 135. What are the prime factors of m?
3
Suppose -2*i = 5*u - 1042 + 219, u - i - 159 = 0. Let k = 531 - u. List the prime factors of k.
2, 23
Let k(x) = -7*x**3 - 2*x**2 - 4*x - 5. Suppose -26 = 5*l - 4*y, -y = -l + y - 10. Let f be k(l). Let i = 140 - f. What are the prime factors of i?
89
Let d(p) = -9*p + 81. Let x(y) = y**3 + 7*y**2 + 5*y + 3. Let z be x(-6). Let r be d(z). List the prime factors of (r + -1)*1*2 + 91.
89
Let p(u) = 601*u**2 - 6*u + 5. List the prime factors of p(3).
2, 19, 71
Let i(p) = p**3 - 16*p**2 + p - 1. Let m be i(16). Let c(l) = -l**3 + 16*l**2 + 25*l - 21. What are the prime factors of c(m)?
3, 193
Let d = -74634 + 118011. List the prime factors of d.
3, 19, 761
Let b(v) be the second derivative of 7*v**4/12 + v**3/3 - v**2 - 14*v. Let p be (-228)/84 - (-2)/(-7). What are the prime factors of b(p)?
5, 11
Let f be (34/85)/((-1)/(-2))*60. What are the prime factors of -6*(-8)/f*658?
2, 7, 47
Let n(d) = d**3 + 33*d**2 - 8*d - 35. Suppose 74*y - 71*y = -99. What are the prime factors of n(y)?
229
Suppose 14*s + 7425 + 5231 = 0. Let i = -604 - s. List the prime factors of i.
2, 3, 5
Let r(b) = -20464*b - 355. What are the prime factors of r(-2)?
13, 3121
What are the prime factors of 155 - 161 - 3*(-1 + (-6800)/3)?
7, 971
List the prime factors of -5*(66/(-30) + 2) - 32148/(-3).
7, 1531
Let y be 88/(-6) + (-2)/(-3). Suppose -f + 15 = -2*z, 0 = 4*f - 3*z - 11 - 74. Let v = f + y. What are the prime factors of v?
11
Let u(g) = 483 + 497 - 937 - 73*g. What are the prime factors of u(-19)?
2, 5, 11, 13
Suppose 168 = 15*x - x. Suppose 1244 = x*n - 2260. Let t = n - 8. What are the prime factors of t?
2, 71
Let p(a) = 11*a**3 + 5*a**2 - 2*a - 2. Let r be p(5). Let u = 2747 - r. List the prime factors of u.
1259
Let d(v) = -7*v - 19. Let b be d(-3). Suppose 0 = -2*y - 0 - b. What are the prime factors of -6*(2/4 + y) + 89?
2, 23
Suppose -a = 37*a + 38. Let b(i) = 2*i**2 + 4*i - 63*i**3 - 14*i**3 + 2 + i**2. What are the prime factors of b(a)?
2, 3, 13
Let p = -1941 - -14641. What are the prime factors of p?
2, 5, 127
Let x(i) = -2*i - 9. Let y be x(-6). Suppose 0 = -20*t + 5*t - t. Suppose y*h = -p + 179, 4*p - 167 = -t*h - 3*h. List the prime factors of h.
61
Let i be 2/6 + (-4)/36*-33. Suppose -i*f - 3324 = -4*g, 2*g + 2*f - 1659 = f. Suppose 0 = 2*z + z - 6, 5*z + g = 3*w. List the prime factors of w.
2, 5, 7
Let i(s) = -14558*s - 145. What are the prime factors of i(-2)?
3, 29, 37
Suppose 7*y + 96 = 10*y. Suppose -3*q = q - y. What are the prime factors of q?
2
Suppose -11*n + 6*n + d - 22 = 0, d - 14 = 3*n. Let u(x) = 8*x**2 + 4*x + 3. What are the prime factors of u(n)?
5, 23
Let n(m) = -m**3 + 13*m**2 - 23*m + 16. Let q be n(11). What are the prime factors of (q + 43/2)*8?
2, 53
Suppose 4*d - 5*d + 4 = 0. Suppose -c - 7*c = -d*c. Suppose -3*w + 5*u + 29 = c, 0*w - u = -3*w + 13. List the prime factors of w.
3
Suppose q = -3*f + 151, -5*f - 2*q - 3*q + 235 = 0. Let r = f - 35. List the prime factors of r.
17
Let i(j) = 11317*j**3 + 3*j**2 - 14*j + 13. List the prime factors of i(1).
3, 7, 11
Suppose 0 = -3*u + y + 5, -2*u - 4*y - 10 = -8*y. Suppose -u*i = -578 - 646. What are the prime factors of i?
2, 3, 17
Let c(s) = -3*s**2 + 3*s + 12 + 4*s**2 - 4*s - s**3 - 2*s. Let u be c(0). Suppose 16*h = u*h + 20. List the prime factors of h.
5
Let t = 77 + -39. Suppose -59 = -5*b + g, 0 = 3*b - 0*b + 2*g - t. What are the prime factors of 364/6 + (-8)/b?
2, 3, 5
What are the prime factors of (6/(-4) - (-221)/34) + 11249?
2, 17, 331
Let v(l) = -2*l**2 + 5 - 10*l + 0 + 2 + 5*l**2. Let m = -8 - -14. What are the prime factors of v(m)?
5, 11
Let a be 5*(-1)/(10/12608)*2. Let x be ((-4)/(-9))/2 - a/288. Suppose 45*u - x*u = 185. What are the prime factors of u?
5, 37
Suppose 2*n - 755 = -5*c, 27*n - 25*n - 720 = 2*c. Let q = 135 + n. What are the prime factors of q?
2, 5
Let f(z) = -z**3 - 2*z**2 + z + 2. Let v be f(-1). Suppose -325 = 4*k - 5*k - 3*r, -3*k - r + 1015 = v. What are the prime factors of k?
2, 5, 17
List the prime factors of 133724/6 + 444/(-36) + 14.
31, 719
Let f = 120 + 284. Suppose 0 = -3*u - u - f. Let w = -53 - u. List the prime factors of w.
2, 3
Let m be (7/14)/((-1)/(-10)). Suppose -1423 = 7*s - 1437. Suppose 0 = 2*v + s, -k + 2*k - m*v - 201 = 0. What are the prime factors of k?
2, 7
Let g(o) = 2*o - 89. Let x be g(34). What are the prime factors of (4/x*-7)/((-4)/(-354